{"id":22,"date":"2021-05-30T04:38:55","date_gmt":"2021-05-30T04:38:55","guid":{"rendered":"https:\/\/wpocean.com\/wp\/shiptar\/?page_id=22"},"modified":"2022-10-18T17:40:36","modified_gmt":"2022-10-18T17:40:36","slug":"projelerimiz","status":"publish","type":"page","link":"https:\/\/ehl.com.tr\/index.php\/projelerimiz\/","title":{"rendered":"Projelerimiz"},"content":{"rendered":"\t\t<div data-elementor-type=\"wp-page\" data-elementor-id=\"22\" class=\"elementor elementor-22\">\n\t\t\t\t\t\t<section class=\"elementor-section elementor-top-section elementor-element elementor-element-dcdb6a8 elementor-section-boxed elementor-section-height-default elementor-section-height-default\" data-id=\"dcdb6a8\" data-element_type=\"section\">\n\t\t\t\t\t\t<div class=\"elementor-container elementor-column-gap-default\">\n\t\t\t\t\t<div class=\"elementor-column elementor-col-100 elementor-top-column elementor-element elementor-element-5d12b53\" data-id=\"5d12b53\" data-element_type=\"column\">\n\t\t\t<div class=\"elementor-widget-wrap elementor-element-populated\">\n\t\t\t\t\t\t<div class=\"elementor-element elementor-element-35fc536 elementor-widget elementor-widget-spacer\" data-id=\"35fc536\" data-element_type=\"widget\" data-widget_type=\"spacer.default\">\n\t\t\t\t<div class=\"elementor-widget-container\">\n\t\t\t\t\t<div class=\"elementor-spacer\">\n\t\t\t<div class=\"elementor-spacer-inner\"><\/div>\n\t\t<\/div>\n\t\t\t\t<\/div>\n\t\t\t\t<\/div>\n\t\t\t\t\t<\/div>\n\t\t<\/div>\n\t\t\t\t\t<\/div>\n\t\t<\/section>\n\t\t\t\t<section class=\"elementor-section elementor-top-section elementor-element elementor-element-c3dbdc7 elementor-section-full_width elementor-section-height-default elementor-section-height-default\" data-id=\"c3dbdc7\" data-element_type=\"section\">\n\t\t\t\t\t\t<div class=\"elementor-container elementor-column-gap-no\">\n\t\t\t\t\t<div class=\"elementor-column elementor-col-100 elementor-top-column elementor-element elementor-element-73c806b\" data-id=\"73c806b\" data-element_type=\"column\">\n\t\t\t<div class=\"elementor-widget-wrap elementor-element-populated\">\n\t\t\t\t\t\t<div class=\"elementor-element elementor-element-c860a40 elementor-widget elementor-widget-tmx-shiptar_project\" data-id=\"c860a40\" data-element_type=\"widget\" data-widget_type=\"tmx-shiptar_project.default\">\n\t\t\t\t<div class=\"elementor-widget-container\">\n\t\t\t\t\t <div class=\"wpo-projects-area\">\n\t\t    <div class=\"container-fluid\">\n\t\t     \t\t\t   <div class=\"row grid-2 item-grid\">\n\t\t \t\t\t\t\t        <div class=\"col-c grid-item \">\n\t\t          <div class=\"wpo-projects-item\">\n\t\t              <div class=\"overla\"><\/div>\n\t\t              <div class=\"wpo-projects-single\">\n\t\t                  <img decoding=\"async\" src=\"https:\/\/ehl.com.tr\/wp-content\/uploads\/2022\/10\/2.jpg\" alt=\"\">\t\t              <\/div>\n\t\t              <div class=\"overlay-text\">\n\t\t                  <div class=\"text-inner\">\n\t\t                      <p class=\"sub\">Lojistik<\/p>\n\t\t                      <h3><a href=\"https:\/\/ehl.com.tr\/index.php\/project\/acik-yuk-tasimaciligi\/\">A\u00c7IK Y\u00dcK TA\u015eIMACILI\u011eI<\/a><\/h3>\n\t\t                  <\/div>\n\t\t              <\/div>\n\t\t          <\/div>\n\t\t        <\/div>\n\t\t\t       \t\t        <div class=\"col-c grid-item \">\n\t\t          <div class=\"wpo-projects-item\">\n\t\t              <div class=\"overla\"><\/div>\n\t\t              <div class=\"wpo-projects-single\">\n\t\t                  <img decoding=\"async\" src=\"https:\/\/ehl.com.tr\/wp-content\/uploads\/2019\/07\/2-1.jpg\" alt=\"\">\t\t              <\/div>\n\t\t              <div class=\"overlay-text\">\n\t\t                  <div class=\"text-inner\">\n\t\t                      <p class=\"sub\">Lojistik<\/p>\n\t\t                      <h3><a href=\"https:\/\/ehl.com.tr\/index.php\/project\/konteyner-tasimaciligi\/\">KONTEYNER TA\u015eIMACILI\u011eI<\/a><\/h3>\n\t\t                  <\/div>\n\t\t              <\/div>\n\t\t          <\/div>\n\t\t        <\/div>\n\t\t\t       \t\t        <div class=\"col-c grid-item \">\n\t\t          <div class=\"wpo-projects-item\">\n\t\t              <div class=\"overla\"><\/div>\n\t\t              <div class=\"wpo-projects-single\">\n\t\t                  <img decoding=\"async\" src=\"https:\/\/ehl.com.tr\/wp-content\/uploads\/2019\/07\/4.jpg\" alt=\"\">\t\t              <\/div>\n\t\t              <div class=\"overlay-text\">\n\t\t                  <div class=\"text-inner\">\n\t\t                      <p class=\"sub\">Lojistik<\/p>\n\t\t                      <h3><a href=\"https:\/\/ehl.com.tr\/index.php\/project\/is-makinasi-tasimaciligi\/\">\u0130\u015e MAK\u0130NASI TA\u015eIMACILI\u011eI<\/a><\/h3>\n\t\t                  <\/div>\n\t\t              <\/div>\n\t\t          <\/div>\n\t\t        <\/div>\n\t\t\t       \t\t        <div class=\"col-c grid-item \">\n\t\t          <div class=\"wpo-projects-item\">\n\t\t              <div class=\"overla\"><\/div>\n\t\t              <div class=\"wpo-projects-single\">\n\t\t                  <img decoding=\"async\" src=\"https:\/\/ehl.com.tr\/wp-content\/uploads\/2019\/07\/3.jpg\" alt=\"\">\t\t              <\/div>\n\t\t              <div class=\"overlay-text\">\n\t\t                  <div class=\"text-inner\">\n\t\t                      <p class=\"sub\">Lojistik<\/p>\n\t\t                      <h3><a href=\"https:\/\/ehl.com.tr\/index.php\/project\/tekne-tasimalari\/\">TEKNE TA\u015eIMALARI<\/a><\/h3>\n\t\t                  <\/div>\n\t\t              <\/div>\n\t\t          <\/div>\n\t\t        <\/div>\n\t\t\t       \t\t        <div class=\"col-c grid-item \">\n\t\t          <div class=\"wpo-projects-item\">\n\t\t              <div class=\"overla\"><\/div>\n\t\t              <div class=\"wpo-projects-single\">\n\t\t                  <img decoding=\"async\" src=\"https:\/\/ehl.com.tr\/wp-content\/uploads\/2019\/07\/33.jpg\" alt=\"\">\t\t              <\/div>\n\t\t              <div class=\"overlay-text\">\n\t\t                  <div class=\"text-inner\">\n\t\t                      <p class=\"sub\"> Lojistik<\/p>\n\t\t                      <h3><a href=\"https:\/\/ehl.com.tr\/index.php\/project\/reefer-tasimaciligi\/\">REEFER TA\u015eIMACILI\u011eI<\/a><\/h3>\n\t\t                  <\/div>\n\t\t              <\/div>\n\t\t          <\/div>\n\t\t        <\/div>\n\t\t\t       \t    \t\t<\/div>\n\t    \t<\/div>\n\t\t\t<\/div>\n\t\t\t\t\t<\/div>\n\t\t\t\t<\/div>\n\t\t\t\t\t<\/div>\n\t\t<\/div>\n\t\t\t\t\t<\/div>\n\t\t<\/section>\n\t\t\t\t<section class=\"elementor-section elementor-top-section elementor-element elementor-element-1cb1ec1 elementor-section-boxed elementor-section-height-default elementor-section-height-default\" data-id=\"1cb1ec1\" data-element_type=\"section\">\n\t\t\t\t\t\t<div class=\"elementor-container elementor-column-gap-default\">\n\t\t\t\t\t<div class=\"elementor-column elementor-col-100 elementor-top-column elementor-element elementor-element-832de48\" data-id=\"832de48\" data-element_type=\"column\">\n\t\t\t<div class=\"elementor-widget-wrap elementor-element-populated\">\n\t\t\t\t\t\t<div class=\"elementor-element elementor-element-857e938 elementor-widget elementor-widget-spacer\" data-id=\"857e938\" data-element_type=\"widget\" data-widget_type=\"spacer.default\">\n\t\t\t\t<div class=\"elementor-widget-container\">\n\t\t\t\t\t<div class=\"elementor-spacer\">\n\t\t\t<div class=\"elementor-spacer-inner\"><\/div>\n\t\t<\/div>\n\t\t\t\t<\/div>\n\t\t\t\t<\/div>\n\t\t\t\t\t<\/div>\n\t\t<\/div>\n\t\t\t\t\t<\/div>\n\t\t<\/section>\n\t\t\t\t<\/div>\n\t\t","protected":false},"excerpt":{"rendered":"Lojistik G\u0131da Ta\u015f\u0131mac\u0131l\u0131\u011f\u0131 Lojistik Silo Ta\u015f\u0131mac\u0131l\u0131\u011f\u0131 Lojistik Buldozer Ta\u015f\u0131mac\u0131l\u0131\u011f\u0131 Lojistik Tekne Ta\u015f\u0131mac\u0131l\u0131\u011f\u0131 Lojistik Gemi Ta\u015f\u0131mac\u0131l\u0131\u011f\u0131","protected":false},"author":1,"featured_media":0,"parent":0,"menu_order":0,"comment_status":"closed","ping_status":"closed","template":"elementor_header_footer","meta":{"inline_featured_image":false,"footnotes":""},"class_list":["post-22","page","type-page","status-publish","hentry"],"_links":{"self":[{"href":"https:\/\/ehl.com.tr\/index.php\/wp-json\/wp\/v2\/pages\/22","targetHints":{"allow":["GET"]}}],"collection":[{"href":"https:\/\/ehl.com.tr\/index.php\/wp-json\/wp\/v2\/pages"}],"about":[{"href":"https:\/\/ehl.com.tr\/index.php\/wp-json\/wp\/v2\/types\/page"}],"author":[{"embeddable":true,"href":"https:\/\/ehl.com.tr\/index.php\/wp-json\/wp\/v2\/users\/1"}],"replies":[{"embeddable":true,"href":"https:\/\/ehl.com.tr\/index.php\/wp-json\/wp\/v2\/comments?post=22"}],"version-history":[{"count":9,"href":"https:\/\/ehl.com.tr\/index.php\/wp-json\/wp\/v2\/pages\/22\/revisions"}],"predecessor-version":[{"id":888,"href":"https:\/\/ehl.com.tr\/index.php\/wp-json\/wp\/v2\/pages\/22\/revisions\/888"}],"wp:attachment":[{"href":"https:\/\/ehl.com.tr\/index.php\/wp-json\/wp\/v2\/media?parent=22"}],"curies":[{"name":"wp","href":"https:\/\/api.w.org\/{rel}","templated":true}]}}