{"id":12,"date":"2022-10-18T09:52:34","date_gmt":"2022-10-18T09:52:34","guid":{"rendered":"http:\/\/ehl.com.tr\/?page_id=12"},"modified":"2022-10-18T16:50:05","modified_gmt":"2022-10-18T16:50:05","slug":"vizyon","status":"publish","type":"page","link":"https:\/\/ehl.com.tr\/index.php\/vizyon\/","title":{"rendered":"Vizyon"},"content":{"rendered":"\t\t<div data-elementor-type=\"wp-page\" data-elementor-id=\"12\" class=\"elementor elementor-12\">\n\t\t\t\t\t\t<section class=\"elementor-section elementor-top-section elementor-element elementor-element-0fb6006 elementor-section-boxed elementor-section-height-default elementor-section-height-default\" data-id=\"0fb6006\" data-element_type=\"section\">\n\t\t\t\t\t\t<div class=\"elementor-container elementor-column-gap-default\">\n\t\t\t\t\t<div class=\"elementor-column elementor-col-100 elementor-top-column elementor-element elementor-element-1e84131\" data-id=\"1e84131\" data-element_type=\"column\">\n\t\t\t<div class=\"elementor-widget-wrap elementor-element-populated\">\n\t\t\t\t\t\t<div class=\"elementor-element elementor-element-59bf209 elementor-widget elementor-widget-spacer\" data-id=\"59bf209\" data-element_type=\"widget\" data-widget_type=\"spacer.default\">\n\t\t\t\t<div class=\"elementor-widget-container\">\n\t\t\t\t\t<div class=\"elementor-spacer\">\n\t\t\t<div class=\"elementor-spacer-inner\"><\/div>\n\t\t<\/div>\n\t\t\t\t<\/div>\n\t\t\t\t<\/div>\n\t\t\t\t\t<\/div>\n\t\t<\/div>\n\t\t\t\t\t<\/div>\n\t\t<\/section>\n\t\t\t\t<section class=\"elementor-section elementor-top-section elementor-element elementor-element-2652f7b elementor-section-boxed elementor-section-height-default elementor-section-height-default\" data-id=\"2652f7b\" data-element_type=\"section\">\n\t\t\t\t\t\t<div class=\"elementor-container elementor-column-gap-default\">\n\t\t\t\t\t<div class=\"elementor-column elementor-col-100 elementor-top-column elementor-element elementor-element-c3fecfb\" data-id=\"c3fecfb\" data-element_type=\"column\">\n\t\t\t<div class=\"elementor-widget-wrap elementor-element-populated\">\n\t\t\t\t\t\t<div class=\"elementor-element elementor-element-1419126 elementor-drop-cap-yes elementor-drop-cap-view-default elementor-widget elementor-widget-text-editor\" data-id=\"1419126\" data-element_type=\"widget\" data-settings=\"{&quot;drop_cap&quot;:&quot;yes&quot;}\" data-widget_type=\"text-editor.default\">\n\t\t\t\t<div class=\"elementor-widget-container\">\n\t\t\t\t\t\t\t<p>\u00dcst\u00fcn hizmet kadrosuyla yeniliklere a\u00e7\u0131k, teknoloji ve m\u00fc\u015fteri ihtiya\u00e7lar\u0131na odakl\u0131 yap\u0131m\u0131zla lojistik alan\u0131nda m\u00fc\u015fterilerimize h\u0131zl\u0131 ve sa\u011fl\u0131kl\u0131 \u00e7\u00f6z\u00fcmler sunmak. \u00f6zel \u00e7\u00f6z\u00fcmler sunabilen, \u00e7al\u0131\u015fan ve m\u00fc\u015fteri memnuniyetini \u00f6nemseyen, hizmette kalite standartlar\u0131na uyumlu, verimlilik esaslar\u0131n\u0131 g\u00f6zeten ve marka de\u011feri kuvvetli, Uluslararas\u0131 Tedarik Zincirinin sa\u011fl\u0131kl\u0131 ak\u0131\u015f\u0131nda D\u0131\u015f Ticaret sekt\u00f6r\u00fcne destek olan Lojistik \u00e7\u00f6z\u00fcm orta\u011f\u0131 olmak.<\/p>\t\t\t\t\t\t<\/div>\n\t\t\t\t<\/div>\n\t\t\t\t\t<\/div>\n\t\t<\/div>\n\t\t\t\t\t<\/div>\n\t\t<\/section>\n\t\t\t\t<section class=\"elementor-section elementor-top-section elementor-element elementor-element-d124ade elementor-section-boxed elementor-section-height-default elementor-section-height-default\" data-id=\"d124ade\" data-element_type=\"section\">\n\t\t\t\t\t\t<div class=\"elementor-container elementor-column-gap-default\">\n\t\t\t\t\t<div class=\"elementor-column elementor-col-100 elementor-top-column elementor-element elementor-element-752446d\" data-id=\"752446d\" data-element_type=\"column\">\n\t\t\t<div class=\"elementor-widget-wrap elementor-element-populated\">\n\t\t\t\t\t\t<div class=\"elementor-element elementor-element-1eab397 elementor-widget elementor-widget-spacer\" data-id=\"1eab397\" data-element_type=\"widget\" data-widget_type=\"spacer.default\">\n\t\t\t\t<div class=\"elementor-widget-container\">\n\t\t\t\t\t<div class=\"elementor-spacer\">\n\t\t\t<div class=\"elementor-spacer-inner\"><\/div>\n\t\t<\/div>\n\t\t\t\t<\/div>\n\t\t\t\t<\/div>\n\t\t\t\t\t<\/div>\n\t\t<\/div>\n\t\t\t\t\t<\/div>\n\t\t<\/section>\n\t\t\t\t<section class=\"elementor-section elementor-top-section elementor-element elementor-element-4ee7ae7 elementor-section-boxed elementor-section-height-default elementor-section-height-default\" data-id=\"4ee7ae7\" data-element_type=\"section\">\n\t\t\t\t\t\t<div class=\"elementor-container elementor-column-gap-default\">\n\t\t\t\t\t<div class=\"elementor-column elementor-col-20 elementor-top-column elementor-element elementor-element-5be5e46\" data-id=\"5be5e46\" data-element_type=\"column\">\n\t\t\t<div class=\"elementor-widget-wrap elementor-element-populated\">\n\t\t\t\t\t\t<div class=\"elementor-element elementor-element-9f8e051 elementor-widget elementor-widget-heading\" data-id=\"9f8e051\" data-element_type=\"widget\" data-widget_type=\"heading.default\">\n\t\t\t\t<div class=\"elementor-widget-container\">\n\t\t\t<h4 class=\"elementor-heading-title elementor-size-default\">Katma De\u011ferli Lojistik<\/h4>\t\t<\/div>\n\t\t\t\t<\/div>\n\t\t\t\t\t<\/div>\n\t\t<\/div>\n\t\t\t\t<div class=\"elementor-column elementor-col-20 elementor-top-column elementor-element elementor-element-85ac488\" data-id=\"85ac488\" data-element_type=\"column\">\n\t\t\t<div class=\"elementor-widget-wrap elementor-element-populated\">\n\t\t\t\t\t\t<div class=\"elementor-element elementor-element-1470313 elementor-widget elementor-widget-heading\" data-id=\"1470313\" data-element_type=\"widget\" data-widget_type=\"heading.default\">\n\t\t\t\t<div class=\"elementor-widget-container\">\n\t\t\t<h4 class=\"elementor-heading-title elementor-size-default\">Kara, Hava, Deniz, Tren Ta\u015f\u0131mac\u0131l\u0131\u011f\u0131<\/h4>\t\t<\/div>\n\t\t\t\t<\/div>\n\t\t\t\t\t<\/div>\n\t\t<\/div>\n\t\t\t\t<div class=\"elementor-column elementor-col-20 elementor-top-column elementor-element elementor-element-264d6e7\" data-id=\"264d6e7\" data-element_type=\"column\">\n\t\t\t<div class=\"elementor-widget-wrap elementor-element-populated\">\n\t\t\t\t\t\t<div class=\"elementor-element elementor-element-12a448c elementor-widget elementor-widget-heading\" data-id=\"12a448c\" data-element_type=\"widget\" data-widget_type=\"heading.default\">\n\t\t\t\t<div class=\"elementor-widget-container\">\n\t\t\t<h4 class=\"elementor-heading-title elementor-size-default\">G\u00fcmr\u00fckleme<\/h4>\t\t<\/div>\n\t\t\t\t<\/div>\n\t\t\t\t\t<\/div>\n\t\t<\/div>\n\t\t\t\t<div class=\"elementor-column elementor-col-20 elementor-top-column elementor-element elementor-element-159fff6\" data-id=\"159fff6\" data-element_type=\"column\">\n\t\t\t<div class=\"elementor-widget-wrap elementor-element-populated\">\n\t\t\t\t\t\t<div class=\"elementor-element elementor-element-3fa5638 elementor-widget elementor-widget-heading\" data-id=\"3fa5638\" data-element_type=\"widget\" data-widget_type=\"heading.default\">\n\t\t\t\t<div class=\"elementor-widget-container\">\n\t\t\t<h4 class=\"elementor-heading-title elementor-size-default\">Depolama<\/h4>\t\t<\/div>\n\t\t\t\t<\/div>\n\t\t\t\t\t<\/div>\n\t\t<\/div>\n\t\t\t\t<div class=\"elementor-column elementor-col-20 elementor-top-column elementor-element elementor-element-e147efa\" data-id=\"e147efa\" data-element_type=\"column\">\n\t\t\t<div class=\"elementor-widget-wrap elementor-element-populated\">\n\t\t\t\t\t\t<div class=\"elementor-element elementor-element-493ab67 elementor-widget elementor-widget-heading\" data-id=\"493ab67\" data-element_type=\"widget\" data-widget_type=\"heading.default\">\n\t\t\t\t<div class=\"elementor-widget-container\">\n\t\t\t<h4 class=\"elementor-heading-title elementor-size-default\">Antrepo<\/h4>\t\t<\/div>\n\t\t\t\t<\/div>\n\t\t\t\t\t<\/div>\n\t\t<\/div>\n\t\t\t\t\t<\/div>\n\t\t<\/section>\n\t\t\t\t<section class=\"elementor-section elementor-top-section elementor-element elementor-element-6cc3a72d elementor-section-boxed elementor-section-height-default elementor-section-height-default\" data-id=\"6cc3a72d\" data-element_type=\"section\">\n\t\t\t\t\t\t<div class=\"elementor-container elementor-column-gap-default\">\n\t\t\t\t\t<div class=\"elementor-column elementor-col-100 elementor-top-column elementor-element elementor-element-45725109\" data-id=\"45725109\" data-element_type=\"column\">\n\t\t\t<div class=\"elementor-widget-wrap elementor-element-populated\">\n\t\t\t\t\t\t<div class=\"elementor-element elementor-element-a237c51 elementor-widget elementor-widget-spacer\" data-id=\"a237c51\" data-element_type=\"widget\" data-widget_type=\"spacer.default\">\n\t\t\t\t<div class=\"elementor-widget-container\">\n\t\t\t\t\t<div class=\"elementor-spacer\">\n\t\t\t<div class=\"elementor-spacer-inner\"><\/div>\n\t\t<\/div>\n\t\t\t\t<\/div>\n\t\t\t\t<\/div>\n\t\t\t\t\t<\/div>\n\t\t<\/div>\n\t\t\t\t\t<\/div>\n\t\t<\/section>\n\t\t\t\t<\/div>\n\t\t","protected":false},"excerpt":{"rendered":"\u00dcst\u00fcn hizmet kadrosuyla yeniliklere a\u00e7\u0131k, teknoloji ve m\u00fc\u015fteri ihtiya\u00e7lar\u0131na odakl\u0131 yap\u0131m\u0131zla lojistik alan\u0131nda m\u00fc\u015fterilerimize h\u0131zl\u0131 ve sa\u011fl\u0131kl\u0131 \u00e7\u00f6z\u00fcmler sunmak. \u00f6zel \u00e7\u00f6z\u00fcmler sunabilen, \u00e7al\u0131\u015fan ve m\u00fc\u015fteri memnuniyetini \u00f6nemseyen, hizmette kalite standartlar\u0131na uyumlu, verimlilik esaslar\u0131n\u0131 g\u00f6zeten ve marka de\u011feri kuvvetli, Uluslararas\u0131 Tedarik Zincirinin sa\u011fl\u0131kl\u0131 ak\u0131\u015f\u0131nda D\u0131\u015f Ticaret sekt\u00f6r\u00fcne destek olan Lojistik \u00e7\u00f6z\u00fcm orta\u011f\u0131 olmak. Katma De\u011ferli Lojistik ","protected":false},"author":1,"featured_media":0,"parent":0,"menu_order":0,"comment_status":"closed","ping_status":"closed","template":"","meta":{"inline_featured_image":false,"footnotes":""},"class_list":["post-12","page","type-page","status-publish","hentry"],"_links":{"self":[{"href":"https:\/\/ehl.com.tr\/index.php\/wp-json\/wp\/v2\/pages\/12","targetHints":{"allow":["GET"]}}],"collection":[{"href":"https:\/\/ehl.com.tr\/index.php\/wp-json\/wp\/v2\/pages"}],"about":[{"href":"https:\/\/ehl.com.tr\/index.php\/wp-json\/wp\/v2\/types\/page"}],"author":[{"embeddable":true,"href":"https:\/\/ehl.com.tr\/index.php\/wp-json\/wp\/v2\/users\/1"}],"replies":[{"embeddable":true,"href":"https:\/\/ehl.com.tr\/index.php\/wp-json\/wp\/v2\/comments?post=12"}],"version-history":[{"count":20,"href":"https:\/\/ehl.com.tr\/index.php\/wp-json\/wp\/v2\/pages\/12\/revisions"}],"predecessor-version":[{"id":851,"href":"https:\/\/ehl.com.tr\/index.php\/wp-json\/wp\/v2\/pages\/12\/revisions\/851"}],"wp:attachment":[{"href":"https:\/\/ehl.com.tr\/index.php\/wp-json\/wp\/v2\/media?parent=12"}],"curies":[{"name":"wp","href":"https:\/\/api.w.org\/{rel}","templated":true}]}}